0.
2, 3, 5, 17, 3529
What are the prime factors of 636652?
2, 19, 8377
List the prime factors of 3859764.
2, 3, 321647
List the prime factors of 1904369.
149, 12781
What are the prime factors of 22076?
2, 5519
List the prime factors of 567150.
2, 3, 5, 19, 199
List the prime factors of 2904759.
3, 11, 13, 37, 61
List the prime factors of 151002.
2, 3, 8389
List the prime factors of 1929241.
19, 59, 1721
List the prime factors of 1768124.
2, 442031
What are the prime factors of 453318?
2, 3, 75553
What are the prime factors of 58279?
13, 4483
What are the prime factors of 1474171?
1474171
What are the prime factors of 96569?
11, 8779
What are the prime factors of 1025181?
3, 113909
List the prime factors of 175061.
175061
What are the prime factors of 239130?
2, 3, 5, 2657
What are the prime factors of 5571650?
2, 5, 7, 15919
What are the prime factors of 5220365?
5, 233, 4481
What are the prime factors of 2709349?
157, 17257
What are the prime factors of 1039595?
5, 53, 3923
What are the prime factors of 1163441?
1163441
List the prime factors of 959598.
2, 3, 89, 599
List the prime factors of 289937.
289937
What are the prime factors of 1899229?
157, 12097
List the prime factors of 34799116.
2, 11, 71899
List the prime factors of 196040.
2, 5, 13, 29
What are the prime factors of 331340?
2, 5, 16567
What are the prime factors of 18339?
3, 6113
What are the prime factors of 13365947?
7, 1909421
What are the prime factors of 320250?
2, 3, 5, 7, 61
What are the prime factors of 80508?
2, 3, 6709
List the prime factors of 1438617.
3, 31, 499
List the prime factors of 195131.
195131
What are the prime factors of 487129?
73, 6673
What are the prime factors of 123824?
2, 71, 109
What are the prime factors of 355593?
3, 7, 41, 59
What are the prime factors of 105981?
3, 35327
What are the prime factors of 24420224?
2, 190783
List the prime factors of 217900.
2, 5, 2179
What are the prime factors of 12371496?
2, 3, 229, 2251
List the prime factors of 1179182.
2, 589591
What are the prime factors of 124134?
2, 3, 17, 1217
List the prime factors of 424813.
17, 24989
What are the prime factors of 12675?
3, 5, 13
List the prime factors of 13832660.
2, 5, 23, 30071
What are the prime factors of 179372?
2, 44843
What are the prime factors of 643202?
2, 7, 45943
List the prime factors of 1456185.
3, 5, 193, 503
What are the prime factors of 7615167?
3, 7, 17, 83, 257
List the prime factors of 1595203.
29, 67, 821
List the prime factors of 397806.
2, 3, 66301
List the prime factors of 12048686.
2, 13, 43, 829
What are the prime factors of 717812?
2, 179453
What are the prime factors of 461200?
2, 5, 1153
What are the prime factors of 28478?
2, 29, 491
What are the prime factors of 4521827?
4521827
List the prime factors of 721733.
721733
What are the prime factors of 19036583?
17, 1119799
What are the prime factors of 91203?
3, 7, 43, 101
List the prime factors of 53578.
2, 7, 43, 89
What are the prime factors of 159917?
43, 3719
List the prime factors of 1488718.
2, 7, 11, 1381
List the prime factors of 13029.
3, 43, 101
What are the prime factors of 164372?
2, 13, 29, 109
What are the prime factors of 193150?
2, 5, 3863
List the prime factors of 828680.
2, 5, 20717
List the prime factors of 1012273.
733, 1381
List the prime factors of 219079.
7, 17, 263
What are the prime factors of 15098244?
2, 3, 7, 17, 97, 109
What are the prime factors of 145937?
11, 13267
List the prime factors of 12173317.
13, 757, 1237
What are the prime factors of 308831?
53, 5827
List the prime factors of 15676135.
5, 3135227
What are the prime factors of 334928?
2, 11, 173
What are the prime factors of 25103096?
2, 29, 108203
What are the prime factors of 902809?
859, 1051
What are the prime factors of 780272?
2, 48767
What are the prime factors of 669166?
2, 31, 43, 251
List the prime factors of 51705.
3, 5, 383
What are the prime factors of 7145847?
3, 23, 37, 311
What are the prime factors of 12403922?
2, 19, 191, 1709
What are the prime factors of 711239?
73, 9743
What are the prime factors of 10750236?
2, 3, 7, 127979
List the prime factors of 1163167.
1163167
List the prime factors of 130236.
2, 3, 10853
List the prime factors of 163995.
3, 5, 13, 29
What are the prime factors of 231683?
191, 1213
List the prime factors of 4430146.
2, 7, 316439
List the prime factors of 2419291.
7, 53, 6521
List the prime factors of 18037217.
11, 29, 56543
List the prime factors of 129288.
2, 3, 5387
What are the prime factors of 4647504?
2, 3, 96823
List the prime factors of 206441.
59, 3499
List the prime factors of 4365858.
2, 3, 7, 19, 5471
What are the prime factors of 13349172?
2, 3, 19, 58549
List the prime factors of 257064.
2, 3, 10711
What are the prime factors of 22772042?
2, 31, 311, 1181
What are the prime factors of 6190451?
6190451
List the prime factors of 514765.
5, 102953
What are the prime factors of 311464?
2, 38933
What are the prime factors of 41061022?
2, 211, 97301
List the prime factors of 42119.
7, 11, 547
What are the prime factors of 150976?
2, 7, 337
What are the prime factors of 13140501?
3, 11, 233, 1709
What are the prime factors of 261185?
5, 52237
What are the prime factors of 2650384?
2, 11, 37
What are the prime factors of 2087525?
5, 11, 7591
List the prime factors of 541356.
2, 3, 197, 229
What are the prime factors of 1958373?
3, 37, 5881
What are the prime factors of 230658?
2, 3, 37, 1039
List the prime factors of 586236.
2, 3, 7, 997
List the prime factors of 1322588.
2, 71, 4657
List the prime factors of 564208.
2, 179, 197
List the prime factors of 21839261.
21839261
List the prime factors of 1750536.
2, 3, 41, 593
List the prime factors of 249490.
2, 5, 61, 409
What are the prime factors of 867057?
3, 289019
What are the prime factors of 22224?
2, 3, 463
What are the prime factors of 24698?
2, 53, 233
What are the prime factors of 3866836?
2, 691, 1399
What are the prime factors of 847570?
2, 5, 131, 647
What are the prime factors of 1621946?
2, 810973
List the prime factors of 7885661.
7, 1126523
What are the prime factors of 3024111?
3, 1008037
List the prime factors of 266501.
23, 11587
List the prime factors of 237339.
3, 26371
What are the prime factors of 11103876?
2, 3, 7, 139, 317
List the prime factors of 254701.
487, 523
List the prime factors of 3045456.
2, 3, 21149
List the prime factors of 901015.
5, 31, 5813
What are the prime factors of 658854?
2, 3, 7, 83
List the prime factors of 60363.
3, 19, 353
List the prime factors of 30102596.
2, 193, 38993
What are the prime factors of 5753130?
2, 3, 5, 37, 71, 73
List the prime factors of 154527.
3, 19, 2711
What are the prime factors of 333016?
2, 41627
List the prime factors of 3711445.
5, 742289
List the prime factors of 2032034.
2, 787, 1291
What are the prime factors of 1748246?
2, 17, 51419
List the prime factors of 560872.
2, 13, 5393
What are the prime factors of 7389234?
2, 3, 410513
List the prime factors of 2997484.
2, 7, 107053
What are the prime factors of 8062299?
3, 7, 127973
List the prime factors of 10668987.
3, 7, 23, 37, 199
What are the prime factors of 3001901?
7, 428843
What are the prime factors of 104516?
2, 17, 29, 53
List the prime factors of 36223714.
2, 1171, 15467
What are the prime factors of 409846?
2, 204923
List the prime factors of 5022440.
2, 5, 241, 521
What are the prime factors of 201103?
7, 28729
List the prime factors of 1873977.
3, 7, 89237
What are the prime factors of 5854942?
2, 601, 4871
List the prime factors of 2132538.
2, 3, 139, 2557
What are the prime factors of 17796313?
757, 23509
What are the prime factors of 4243831?
29, 61, 2399
What are the prime factors of 429819?
3, 13, 103, 107
List the prime factors of 45903.
3, 11, 13, 107
List the prime factors of 14488335.
3, 5, 17, 59, 107
List the prime factors of 5540626.
2, 7, 13, 4349
What are the prime factors of 2961043?
17, 23, 7573
List the prime factors of 2277145.
5, 13, 53, 661
What are the prime factors of 136888?
2, 71, 241
What are the prime factors of 15193?
15193
List the prime factors of 433369.
433369
List the prime factors of 1298739.
3, 13, 33301
List the prime factors of 1087685.
5, 43, 5059
What are the prime factors of 607174?
2, 303587
List the prime factors of 171